+ -18 + 19*7. Let j = 268 - f. Calculate the remainder when j is divided by 35.
33
Let j = 457 + -448. Calculate the remainder when 21 is divided by j.
3
Suppose 4*o + 0 - 28 = -5*y, -o = 4*y - 18. Suppose -7*b = -y*b. Suppose -5*r + b*r = -45. Calculate the remainder when r is divided by 3.
0
Let t be (-10)/40*-4*3. Suppose -2*s = 10, -t*b + 4*s = -4*b + 9. Calculate the remainder when b is divided by 2/2 - 14/(-1).
14
Let v(f) = 18*f + 96. What is the remainder when 503 is divided by v(-3)?
41
Let u(p) = -4 + p**3 + 12*p**2 - 12*p + 17*p - 4*p**2. Calculate the remainder when 59 is divided by u(-7).
9
Let g(m) = m**2 - m + 7. Suppose 2*d + b + 1 = -2*d, 0 = -3*d + b - 6. What is the remainder when g(5) is divided by (-3 + (-3 - 1))*d?
6
Calculate the remainder when (-122 + 36)/(-2 + 1) is divided by 18.
14
Suppose 127 = 2*z - 289. Suppose -3*k + 176 = -z. Calculate the remainder when k is divided by 26.
24
Suppose 181 - 493 = -8*w. Calculate the remainder when 76 is divided by w.
37
What is the remainder when (-24)/60 - 5/((-50)/364) is divided by 2?
0
Let x(n) = 7*n**2 - 2*n + 1. Suppose 4*a - 2 + 10 = 0. Let b(d) = 4*d - 3. Calculate the remainder when x(a) is divided by b(3).
6
Let h(u) = 3*u**2 - u. Calculate the remainder when 153 is divided by h(-1).
1
Let l = -9 - -14. Suppose -7*d = -l*d - 126. Let v(f) = -8*f - 250. Calculate the remainder when d is divided by v(-34).
19
Let x(o) = o**3 - 7*o**2 + 3*o + 3. What is the remainder when 94 is divided by x(7)?
22
Let y(w) = 32*w**3 + 3*w - 2. Let d be y(1). Let b = d - 9. What is the remainder when 143 is divided by b?
23
Let a(i) = i**2 - 2*i + 2. Let h be a(4). Suppose -3 - h = -r. What is the remainder when 213/9 + (-3)/(-9) is divided by r?
11
Let a(l) = l**3 - 10*l**2 - 6*l - 13. Let n be (-5 - -3)/(6/(-33)). Calculate the remainder when a(n) is divided by 22.
20
Suppose x - 23 = -2*a, -x + 2 + 9 = -2*a. What is the remainder when (((-308)/12)/7)/(7/(-63)) is divided by x?
16
Calculate the remainder when 149 is divided by (275/110)/(1 + (-19)/20).
49
Let n be 0 + (4 - 3/3). Let u = 208 + -131. What is the remainder when u is divided by (-8)/n*(-45)/6?
17
Let r(h) be the second derivative of h**3/6 + 21*h**2 + 18*h. What is the remainder when r(-25) is divided by 10?
7
Let b(n) = -n**3 - 3*n**2 - 6*n. Calculate the remainder when 92 is divided by b(-4).
12
Let a = -293 + 299. Suppose -p + 3*y + 39 = -0*p, -4*y + 233 = 5*p. Suppose -8*k + p = -5*k. Calculate the remainder when k is divided by a.
3
Suppose 3*s - 99 = -0*s. Suppose -3*m = m - 5*v - s, -4*v + 48 = 3*m. What is the remainder when 35 is divided by m?
11
Let r be ((-10)/(-6))/(13/117). Suppose -p = w, -2*w + 3*p = 2*p - r. Calculate the remainder when 19 is divided by w.
4
Suppose 2*p = -0*p + 138. Suppose -3*f - p = -2*y, 3*y + y = -3*f + 129. Suppose 2*k - 1 - y = 0. What is the remainder when 66 is divided by k?
15
Let y(t) = -t**3 - 31*t**2 - 35*t - 83. Let f(u) = u**3 + 6*u**2 - 9*u + 10. Calculate the remainder when y(-30) is divided by f(-7).
19
Suppose 4*o + 2*n - 561 = 315, o - 219 = n. What is the remainder when o is divided by 55?
54
What is the remainder when 83 is divided by (-12)/(1/(-5) + (-297)/540)?
3
Suppose l - 5*w = 70, 2*l - 21 = 4*w + 95. Suppose -d - d = -l. Calculate the remainder when d is divided by 10.
5
Suppose -u = 5*d - 19, 0 = 2*u - d - 5 - 11. Calculate the remainder when 50 is divided by u.
5
What is the remainder when 57 is divided by 2/(8/(-1232)*-7)?
13
Suppose 196 = 2*n + 2*n. Let v = -960 + 986. Calculate the remainder when n is divided by v.
23
What is the remainder when 6 is divided by 650/110 + 2/22?
0
Let o(y) = y**2 + y - 2. What is the remainder when (2/6)/((-7)/(-294)) is divided by o(-3)?
2
Let b(x) = 9*x**2 - 2. Let w be b(3). Suppose w = j + 5. What is the remainder when j is divided by (-9)/(-45) - (-124)/5?
24
Let o(k) = -k**2 + 9*k + 7. Let h = 20 + -14. Calculate the remainder when 69 is divided by o(h).
19
Suppose 6*b + 4*d = 3*b + 15, -3*b = 5*d - 18. Suppose -b = n + 4*t, -n + 3*t = -2*n. Calculate the remainder when 89 is divided by 12*(1 - n/(-6)).
17
Suppose 0 = -2*y + 8 + 20. Let l = -51 + 32. Let a = -11 - l. What is the remainder when y is divided by a?
6
Suppose -2*p + 59 = -3*y, -6*y + 175 = 5*p - 8*y. Calculate the remainder when p is divided by 8.
5
Let c = 71 - 58. Calculate the remainder when c is divided by 6.
1
Suppose 5*m - j + 61 = 0, -5*j = 4*m + 37 + 6. What is the remainder when 6 is divided by (-6)/m*-2 - (-3 + -1)?
0
Let a = 75 + -6. Let z = a - 9. Calculate the remainder when z is divided by 31.
29
Let d(r) = 2*r**2 + 9*r + 2. Let x(l) = -2*l + 2. Let b be x(4). Let w be d(b). Let t = w - 10. What is the remainder when 28 is divided by t?
8
Suppose -q - 84 = -2*q. Let g(a) = -2*a**3 + a**2 + 2. What is the remainder when q is divided by g(-2)?
18
Let i be (-9)/(-6)*((-4)/(-6) + 0). Let k(u) = 4*u - 8. Let s be k(9). Suppose i = 2*l + 4*r + 5, -2*l = -4*r - s. What is the remainder when l is divided by 4?
2
Let p = 272 + -62. Calculate the remainder when p is divided by 6.
0
Let b(q) = -q**2 + 4*q + 4. Let v be b(4). Suppose v*k = 187 - 15. Calculate the remainder when k is divided by 11.
10
Calculate the remainder when 447 is divided by 0 + (-20)/(-12)*9.
12
What is the remainder when 252 is divided by (0 - 11)/(-9 - -8)?
10
Let d(u) = -4*u + 24. Let y be d(-12). Let p = y - 53. What is the remainder when 55 is divided by p?
17
Suppose j + 146 = 2*u, 36*j = -5*u + 39*j + 364. What is the remainder when 222 is divided by u?
0
Suppose -3*r + k + 454 = 0, -4*k + 768 = -24*r + 29*r. Calculate the remainder when r is divided by 7.
5
Suppose v - 45 = -3*w, -3*v + 149 = -0*v + 2*w. What is the remainder when v is divided by 26?
25
Suppose 0 = -4*i - 3*g + 25, 14*i - 30 = 12*i + 2*g. Calculate the remainder when 99 is divided by i.
9
Let l be (-1 + 0)/(-1)*10. Suppose x + 2*s = 13, -4*s + 9*s = 5. Let c = x - l. Calculate the remainder when 1 is divided by c.
0
Let z(u) be the first derivative of u**2 + 5*u + 4/3*u**3 - 1/4*u**4 + 3. Calculate the remainder when 38 is divided by z(4).
12
Let k(c) = 21*c - 478. What is the remainder when 178 is divided by k(25)?
37
Suppose 6*j - 50 = 622. Let s = 13 - -10. What is the remainder when j is divided by s?
20
What is the remainder when 208 is divided by (-35)/2*(-12)/15?
12
Suppose 2*v - 18 = 2. Let b = -24 + 39. Let p = b - 11. Calculate the remainder when v is divided by p.
2
What is the remainder when ((-30)/(-70))/((-3)/(-357)) is divided by 12?
3
Suppose 0 = -3*l - 83 - 274. Let s = l + 122. Calculate the remainder when 10 is divided by s.
1
Suppose 3*l = -p + 134, -5*p + l + 231 = -439. What is the remainder when p is divided by 16?
6
Suppose 0 = 15*z - 14*z - 120. What is the remainder when 235 is divided by z?
115
Suppose 29*l - 408 = 23*l. Calculate the remainder when l is divided by 7.
5
Suppose 4*k + 0*k - 372 = 2*a, 2*a = -5*k + 447. Let i = k - 33. Calculate the remainder when 171 is divided by i.
55
Suppose -4*k = -11 - 5. Let x be (-1 - -4)/((-9)/(-168)). Let m = -53 + x. What is the remainder when k is divided by m?
1
What is the remainder when 348 is divided by (1400/(-84))/(14/6 + -3)?
23
Suppose -i + 3*i - 6 = 0. Suppose 4*p + i*v = 165, -4*p = 5*v + 39 - 210. Let m = 3478 - 3468. Calculate the remainder when p is divided by m.
9
Let n(m) = -m**3 + 10*m**2 - m + 12. Let h be n(10). Suppose h*u = -0*u + 8. Suppose 0 = -u*x + 410 + 42. What is the remainder when x is divided by 29?
26
Let b = 1789 + -1774. Let q be (-46)/6 - 2/(-3). Let v = q - -34. What is the remainder when v is divided by b?
12
Suppose -2*a = -31 - 5. What is the remainder when (-36 + -7 - 8)/(3/(-3)) is divided by a?
15
Let t be (-1 - 1) + (-132)/(-6). Suppose 0 = 2*d - t - 0. Suppose -u - 5*p + d + 6 = 0, -3*u + 36 = 3*p. Calculate the remainder when 30 is divided by u.
8
Let u = 381 - 341. Calculate the remainder when 79 is divided by u.
39
Calculate the remainder when 103 is divided by (147/35)/(4/20).
19
Let u(m) = -3*m**3 + m**2 + 4*m - 1. Let c be u(2). Let n = c + 23. What is the remainder when (-4)/(12/(-105)) - -2 is divided by n?
7
Suppose -u - 4*y - 23 = 0, 2*u + 0*u + 3*y + 51 = 0. What is the remainder when